der when 30 is divided by o?
14
Calculate the remainder when 55 is divided by (48/15)/((-3)/(-30)).
23
Let p(r) = -r**2 - 14*r - 35. Let d be p(-10). Suppose 0 = y - d*q - 16, -q + 66 - 23 = 2*y. Calculate the remainder when 36 is divided by y.
15
Let j = 22 - 18. Suppose j + 4 = 4*a. Calculate the remainder when (-2 + a)/4 - -31 is divided by 11.
9
Let p = 15 + -1. Let x = 16 - 13. Suppose 4*m - 2*h - 65 = 157, -2*m + 99 = x*h. What is the remainder when m is divided by p?
12
Let g(t) = 70*t**3 - 2*t**2 + 2*t - 1. Let o(k) be the second derivative of 11*k**3/6 - 9*k**2/2 + 19*k. Calculate the remainder when g(1) is divided by o(3).
21
Suppose -4*l + 91 + 83 = 3*o, 188 = 4*l - 4*o. What is the remainder when l is divided by 28?
17
Suppose 79*m + 318 = 80*m + 2*b, 0 = m - 4*b - 342. Calculate the remainder when m is divided by 55.
51
Let b(c) = 14*c - 2. Let w be b(5). Let h = w + -56. Let a = -52 + 84. Calculate the remainder when a is divided by h.
8
Suppose 12*j - 11*j = -3. What is the remainder when 48 is divided by (4 - j)*(-10)/(-7)?
8
Suppose -2*k + 0 + 6 = 0. Suppose 0 = -2*x + k + 7. Suppose -2 + 17 = 5*j - 5*h, -48 = -4*j - 5*h. Calculate the remainder when j is divided by x.
2
Calculate the remainder when (-5 - -5 - 2) + (-7143)/(-3) is divided by 119.
118
Let w(k) = 24*k - 7*k - 13*k - 2. Let y = 26 + -9. What is the remainder when y is divided by w(2)?
5
Let g(z) = -z**2 + 6. Let j be g(3). Let p(c) = 8*c**2 - 9*c - 5. Calculate the remainder when p(j) is divided by 32.
30
Let y be (2 + -2)*5/(-10). Let a be (-3 - -2)*(y + 0). Suppose -w + 6*o - 2*o + 97 = a, -o = 5*w - 569. Calculate the remainder when w is divided by 29.
26
Let t be 3 + 2 + -4 + 4. Suppose -t*h = -3 - 2. Let z(r) = r**3 + r**2 - 5*r + 1. Calculate the remainder when z(2) is divided by h.
0
Suppose 0 = -3*i + 20 + 139. What is the remainder when i is divided by 6?
5
Suppose g - 35 = 44. Let v = g + -15. Calculate the remainder when v is divided by 34.
30
Let w = 0 - 0. Suppose -2 = -a - w. Calculate the remainder when a/9*3*111 is divided by 19.
17
Suppose -5*d = -0*d - 10. Let p(h) = 1 + d*h - 1 - h + 26. Calculate the remainder when p(0) is divided by 7.
5
Let r(d) = 7*d - 9. Let y(o) = o. Let f(v) = -r(v) + 5*y(v). What is the remainder when 72 is divided by f(-8)?
22
Let v be 3/2 + 245/10. Suppose 72 = 3*k - g - 4*g, -4*g = 2*k - v. Suppose -5*q + 8 = -4*q. What is the remainder when k is divided by q?
3
Suppose -2*c + l - 78 = 0, -3*l - 71 + 267 = -5*c. Let u = -29 - c. What is the remainder when 16 is divided by u?
7
Suppose 0 = 4*b + 3*r - 62, -4*b + 85 - 21 = 2*r. Let l = -2 + b. Suppose -3*j + 4 = f, -4*j = -2*f - 3 + 11. Calculate the remainder when l is divided by f.
3
Suppose 0 = -4*x - 4, -5*n = -3*n + 5*x + 11. Let g = -3 - n. Suppose g = h + 4*h - 20. Calculate the remainder when 14 is divided by h.
2
Let k = -1501 + 1547. Calculate the remainder when 595 is divided by k.
43
Let k(b) = -b**3 - 12*b**2 - 10*b + 15. Let l be k(-11). Calculate the remainder when (0 + (-6)/l)/((-9)/306) is divided by 9.
6
Let j(d) = -15*d - 92. Calculate the remainder when 103 is divided by j(-9).
17
Let s = -10 + 22. Let n = 16 - s. Suppose 0 = n*r, -4*p + 304 = -4*r + 76. What is the remainder when p is divided by 30?
27
Let o be (-1)/((-8)/(-20) - (-2)/(-4)). Suppose 4*z - 112 = -o*z. Calculate the remainder when 22 is divided by z.
6
Calculate the remainder when 20*(-8)/(-64)*(-244)/(-5) is divided by 25.
22
Let y(g) = -g + 2. Let i be y(2). Suppose i = 8*m - 3*m - 585. Calculate the remainder when 56 is divided by (-26)/m - 173/(-9).
18
Let u(n) = -n**3 - 4*n**2 + 4*n - 1. Let q(h) = 6 - 3*h + 8 + 0*h - 1. Let a be q(6). What is the remainder when 13 is divided by u(a)?
1
Let m(p) = -p**3 - 15*p**2 - 17*p + 15. Suppose z - 12 = 5*z, 5*k = 5*z - 55. Let n be m(k). Let q = n + -31. Calculate the remainder when q is divided by 15.
11
Suppose -31 = -5*x + 3*i + 90, 4*i = -4*x + 84. Calculate the remainder when 365 is divided by x.
20
Suppose 66 = 3*b + 18. Let a(c) = 6*c - 52. Suppose -2*k + 8 + 22 = 0. What is the remainder when a(b) is divided by k?
14
Suppose -c - 2*k = -4*k - 30, 0 = -2*c - k + 35. Let z = 279 + -159. Suppose 7*n = 2*i + 3*n - z, 3*n = -3. Calculate the remainder when i is divided by c.
18
Let b = 118 - 47. Suppose -5*m + 0*c = 3*c - 94, 4*m = -c + b. Suppose 2*x - m = 9. Calculate the remainder when x is divided by 4.
1
Calculate the remainder when 86 is divided by -1*((-10)/(-35) - (-102)/(-14)).
2
Calculate the remainder when 24 is divided by (-588)/(-33) - 24/(-132).
6
Suppose -3*i + 72 = -249. Let l = -89 + i. What is the remainder when 31 is divided by l?
13
Let d(h) = -69*h - 592. What is the remainder when 141 is divided by d(-9)?
25
Let b = -690 - -750. Calculate the remainder when b is divided by 52.
8
Suppose 0 = -2*a + 11 + 1. Suppose -48 = -2*p + a. Let s(j) = 2*j - 9. What is the remainder when p is divided by s(8)?
6
Let c = 493 + -475. Calculate the remainder when 845 is divided by c.
17
Suppose 0 = -a - 5*r + 36, -73 = -2*a - r + 17. What is the remainder when 223 is divided by a?
39
Let j be (-26)/(-3) + 1/3. Suppose -36 = 3*v + 3*g, -2*v + v + 2*g - j = 0. Let a = 32 + v. What is the remainder when 82 is divided by a?
19
Suppose 8*m = 9*m. Suppose m = -6*v + 11*v - 760. What is the remainder when v is divided by 52?
48
Let u(z) = 4*z + 4. Let c be u(-4). Let g(w) = -4*w**3 - 2*w**2 + 2*w. What is the remainder when (-239)/(-4) + 9/c is divided by g(-2)?
19
Let z = -31 - -101. Calculate the remainder when 278 is divided by z.
68
Let t = -401 - -446. Calculate the remainder when t is divided by 4.
1
Suppose 20*t - 99 = 19*t. Let i = -93 + t. What is the remainder when 35 is divided by i?
5
Suppose 21*w = 34*w - 481. Suppose 0 = -3*s + 8*s - 95. What is the remainder when w is divided by s?
18
Suppose -3*l - 4*l + 1155 = 0. Suppose 2*i = -f - 50, -5*f + l = -4*i + 65. Let y = i + 34. Calculate the remainder when 14 is divided by y.
5
Let h = 6 + -5. Let k(c) = 8*c**2 - 9 - h - 7*c**2 - 7*c. Calculate the remainder when 13 is divided by k(9).
5
Let q(f) be the second derivative of 3*f**3/2 - 59*f**2/2 + 6*f. Calculate the remainder when q(11) is divided by 15.
10
Suppose b - 25 = -5*j, 2*b + 4*j + 15 = 35. Suppose -6*d + 24 = -b*d. What is the remainder when 6 is divided by (-3 - (-3 + 0)) + d?
2
Suppose 5*u = 9*u + 92. Let h = u - -34. Calculate the remainder when 18 is divided by h.
7
Suppose 4*k - 82 = 98. Suppose -2*z = t + 85 + 131, -3*z = -2*t + 331. Let m = z - -121. Calculate the remainder when k is divided by m.
9
Let u = -296 + 419. What is the remainder when u is divided by (-31)/(-6 + 40/8)?
30
Let u = 196 - 145. What is the remainder when 61 is divided by u?
10
Let u be 1/(-5)*-5*-7. Let k = u + 16. Suppose 50 = -k*a + 11*a. What is the remainder when 48 is divided by a?
23
Let l(k) = 32*k - 230. What is the remainder when l(25) is divided by 22?
20
Suppose 0 = -z - z + 64. Suppose j = -j + z. What is the remainder when j is divided by 5?
1
Let p(u) = u**2 + u - 1. Let d be p(-3). Let z = 455 + -310. Suppose d*s - 10 = 0, -z = 2*m - 5*m - 2*s. What is the remainder when m is divided by 24?
23
Suppose 0 = -3*g + 4 - 19, 2*j = -g + 45. Calculate the remainder when 71 is divided by j.
21
Suppose 15*g - 4*k = 12*g + 1992, 2*g = -k + 1339. Calculate the remainder when g is divided by 25.
18
Suppose 0*y + 90 = 5*y. Suppose 0 = 37*g + 7*g - 3740. What is the remainder when g is divided by y?
13
Let w = 4 - -7. Let c(t) = t**2 - 10*t + 3. Let d(k) = -k. What is the remainder when d(-26) is divided by c(w)?
12
Suppose -4*m = -6*u + 2*u + 288, -u - 1 = 0. Let h = m - -51. What is the remainder when 7 is divided by 217/77 - 4/h?
1
Suppose -38*g + 20 = -33*g + 2*c, -4*g + 34 = -2*c. Calculate the remainder when 87 is divided by g.
3
Calculate the remainder when 12578/18 + -6 + 56/9 is divided by 70.
69
Calculate the remainder when (-1931)/(-3) + 32/24 is divided by 19.
18
Let v(h) = h**2 + 4. Let t be v(0). Suppose -351 = -5*l + t*x, 37 + 36 = l + 2*x. Calculate the remainder when l is divided by 18.
17
Let f be 0 + (0 + 3 - 4). What is the remainder when -4 + 3 + (2 - f) is divided by 2?
0
Suppose -12*o + 13620 = 8*o. Calcula